m is divided by 1?
0
Suppose -g = 5*d - 24, -2*d = -3*g - 7*d + 32. Suppose -g*u = -0*u - 96. What is the remainder when 69 is divided by u?
21
Suppose 7*n - 2*n - 80 = 0. Let i(m) = m**3 + 4*m**2 + m + 5. Let w be i(-4). Suppose -4*c + 3*c - 8 = -l, c = w. What is the remainder when n is divided by l?
7
Suppose 4*p = 2*w + 4 - 24, -w + 8 = -3*p. What is the remainder when 27 is divided by w?
13
Suppose 25 = 7*h - 3. Calculate the remainder when 20 is divided by h.
0
Let t = 4 - 7. Suppose 2*h - 53 + 13 = 0. What is the remainder when (6/(-4))/(t/h) is divided by 6?
4
Suppose 2*r - 131 = 67. Suppose 0 = -0*f + 3*f - r. What is the remainder when f is divided by 17?
16
Let b(a) = 4*a**2 - 18*a + 60. What is the remainder when b(5) is divided by 6?
4
Let i(g) be the first derivative of -g**3/3 - 4*g**2 + 13*g + 2. Let w(z) = z + 1. What is the remainder when w(5) is divided by i(-9)?
2
Let n(w) = -20*w - 3. Suppose -4*t = 5*l - 124, -3*t = -t + 4*l - 68. Calculate the remainder when n(-4) is divided by t.
25
Suppose -5*a - 2*c + 75 = 0, -3*c = -4*a - 6*c + 53. Let w = -6 - -16. What is the remainder when a is divided by w?
7
Let d(z) = -z**3 - 5. Let n be d(0). Let m(o) = o**2 + 3*o - 4. Suppose -3*h + 0*j = -5*j - 40, -2*j = 4. What is the remainder when h is divided by m(n)?
4
Suppose -2*c + 0*h = -2*h + 10, 2*c + 3*h = 15. Let a = 22 - c. Let f(v) = v**2 - 19*v. Calculate the remainder when f(21) is divided by a.
20
Let j be (-1)/(3*2/(-6)). Let w(s) = 12*s**3 + 2*s**2 - 2*s + 1. Let d be w(1). Let a = j + d. What is the remainder when 40 is divided by a?
12
Let p = 5 + 11. What is the remainder when p is divided by 10?
6
Suppose -j = -0*j - 1, 0 = 4*h - 5*j - 31. Calculate the remainder when 35 is divided by h.
8
Suppose -f + 4*z = 4, -4*f - 5 + 25 = 2*z. Let s = -11 + 18. What is the remainder when s is divided by f?
3
Suppose 5*x = b + 476, b + 2*b = 5*x - 478. Let t be (x - 2)*4/6. Let c = 141 - t. Calculate the remainder when c is divided by 27.
25
Suppose -54 + 258 = 3*a. What is the remainder when a is divided by 24?
20
Let q = -18 + 101. Let p = q - 37. What is the remainder when p is divided by 24?
22
Let b(x) be the third derivative of x**5/30 + 7*x**4/24 + x**3/6 - x**2. What is the remainder when (-8 - -9)/(2/94) is divided by b(-5)?
15
Let b = 26 - 9. Let n = -3 - -4. What is the remainder when b is divided by (-1)/(n + 14/(-12))?
5
Suppose 0 = -m + 3*m + 8, 3*h = -3*m + 27. What is the remainder when (-1)/4 - 97/(-4) is divided by h?
11
Suppose 4*n = 2*x + 152, n - 2*x - 1 - 37 = 0. Suppose 2*b = -93 + 13. Calculate the remainder when n is divided by (-7)/21 - b/3.
12
Let j(z) = 7*z**3 - 2*z - 1. Let p(h) = h**3 + 8*h**2 - 8*h + 11. Let k be p(-9). Calculate the remainder when j(k) is divided by 18.
15
Let z = 123 + -62. Suppose w - 3*w + 62 = 0. What is the remainder when z is divided by w?
30
Suppose -p + 3*p = 44. Suppose -5*j = -3*q - 16, 3*j = 1 + 14. Suppose -z + 0*z - 4*o + 32 = 0, 0 = -q*z - o + 41. What is the remainder when p is divided by z?
10
Suppose -1 + 7 = f. Let d(i) = i + 1. Calculate the remainder when -3*(-2)/6 + 12 is divided by d(f).
6
Let r(j) = -j**3 + 9*j**2 - 4. Let y be r(9). Calculate the remainder when 38 is divided by (-336)/(-35) - y/10.
8
Let a(c) = c**3 - 10*c**2 + 3. Let g be a(10). Let d(s) = -s**3 + 4*s**2 - 2*s + 4. Calculate the remainder when 25 is divided by d(g).
4
Suppose w + 26 = 35. Let m(q) = -q + 1. Let u be m(6). Let a = 10 + u. Calculate the remainder when w is divided by a.
4
Let u be 2/3 - (-47)/(-3). What is the remainder when 6 is divided by (-40)/u*(-6)/(-4)?
2
Let d be 1*3 - (16 + -11). Let g(s) = -34*s + 1. Calculate the remainder when g(d) is divided by 18.
15
Let x(o) = 54*o - 1. Calculate the remainder when x(1) is divided by 27.
26
Let a(d) = -d**3 - 7*d**2 - 2*d - 8. Let s be a(-6). Let v = s + 53. What is the remainder when ((0 - -1) + 3)*10 is divided by v?
19
Let b(i) = i**3 - 2*i**2 - 2*i + 2. Let r be b(2). Let u(x) = -12*x - 3. Let o = 3 - -37. What is the remainder when o is divided by u(r)?
19
Suppose 77 = 3*g - 5*s, -5*s + 30 + 26 = 4*g. What is the remainder when 2 + 212/4*1 is divided by g?
17
Let b = -30 + 37. Calculate the remainder when 13 is divided by b.
6
Let r(d) = -2*d - 6. Suppose -5*n = h + 2 + 26, 3*n + h = -16. Let w(i) = -3*i + 5. Calculate the remainder when w(n) is divided by r(-7).
7
Suppose 2*z - 5 = z. Let b = z - 0. What is the remainder when b is divided by 2?
1
Suppose 2*j - 96 = -j. Suppose -4*o + 109 = -f - 2*f, -4*f = o - j. What is the remainder when (-165)/(-2) + (-1)/6*-3 is divided by o?
27
Let d be (-2)/(10/6 - 1). What is the remainder when 24 is divided by -1 + 3 + d + 14?
11
Calculate the remainder when 19 is divided by ((-5)/(-3))/(4/12).
4
Let c = -2 + 12. Calculate the remainder when c is divided by 1/1 - (-1 - 4).
4
Let i be 1 - 2 - (1 - 13). Let r = 15 - i. Calculate the remainder when 9 is divided by r.
1
Let o(m) = -2*m**3 - 4*m**2 - m + 2. What is the remainder when 43 is divided by o(-3)?
20
Suppose -11 = -f + 3. Calculate the remainder when 26 is divided by f.
12
Suppose 0 = -5*o + 5*z + 550, -11*o - 4*z = -7*o - 416. What is the remainder when o is divided by (-1 + (-28)/(-1))*1?
26
Let u(h) = -h + 1. Let s be u(-2). What is the remainder when 2*s*(-30)/(-4) is divided by 12?
9
Let q = 24 - 5. Let b(d) = 5*d + 4. Calculate the remainder when b(10) is divided by q.
16
Let z(u) = 22*u. Let k be z(1). Suppose w - 49 = -4*l, -k = -3*l + l + 2*w. Let i(v) = v**2 - v + 4. What is the remainder when i(-5) is divided by l?
10
Let p(g) = -g**3 + g. Let i be p(0). Calculate the remainder when 8 is divided by (i - (-2 + 1)) + 4.
3
Let r = 56 - 52. Calculate the remainder when 13 is divided by r.
1
Let j(c) = 3*c**2 + c + 3. Calculate the remainder when j(-3) is divided by 15.
12
Let c(u) = u**2 - 5*u + 4. Let g be c(6). Let a(h) = -h**2 + 0 + g*h - 2 + 11 + 3*h. What is the remainder when a(13) is divided by 3?
0
Suppose -j = 5*b - 69, 0 = 4*j - 6*b + 3*b - 230. Let r(p) = -p**3 - 7*p**2 - p + 8. What is the remainder when j is divided by r(-7)?
14
Let k be (-1 - 4)/(3/3). Let j = 7 + k. Suppose 0*m - 2*m + 4*o = 6, -3*o + 10 = 4*m. What is the remainder when j is divided by m?
0
Suppose -2*p + 4 = 2*p. What is the remainder when 3 is divided by p?
0
Let x be 24/10 + (-33)/(-55). Suppose -4*h + x*h + 12 = 0. What is the remainder when 20 is divided by h?
8
Suppose -5*a = -5*p + 15, 3*p + a + a = 4. Suppose -4 + 20 = -p*v. Let l = v - -13. Calculate the remainder when l is divided by 2.
1
Let j = 0 - 4. Calculate the remainder when 41 is divided by 4*3 + j/(-2).
13
Let b = 11 - -20. What is the remainder when b is divided by 8?
7
Suppose -h - h + 12 = 0. Let x(z) = z**2 + 5*z - 3. What is the remainder when x(-7) is divided by h?
5
Let h = 23 - 9. Suppose d - 2*d = -h. What is the remainder when d is divided by 5?
4
Let x(j) = -15*j - 1. What is the remainder when x(-3) is divided by 9?
8
Suppose 6 = -0*g + g. Suppose 0 = -g*d + 4*d + 14. Suppose 3*v = 47 + d. What is the remainder when v is divided by 10?
8
Let x(m) = 4*m**3 - m**2 + 1. Let j be x(1). Suppose -2*t - 8 = -3*t. Calculate the remainder when t is divided by (-3)/2*(-6 + j).
2
Let a(v) = v + 6. Let r be a(-6). Suppose r = -2*x - 2*x + 64. What is the remainder when 31 is divided by x?
15
Suppose 72 = 2*w + 2*w - 4*r, -5*w + 90 = r. Suppose 10*g - 107 = -b + 8*g, -g = -4*b + 419. What is the remainder when b is divided by w?
15
Suppose i - 46 = 5*n, 2*i + 3*n - 9 = 18. Calculate the remainder when i is divided by 12.
9
Let n(g) = -g**2 - 6*g - 2. Let l be n(-3). Suppose -3*a + l*a - 96 = 0. What is the remainder when 71 is divided by a?
23
Let c(b) = -b**3 - 7*b**2 - 7*b + 7. Let d(o) = -o**2 + 4*o - 16*o + 0*o**2 + 2. What is the remainder when d(-6) is divided by c(-6)?
12
Let y be 0/(-3 - 1*-2). Suppose y = -3*b - 20 + 53. What is the remainder when 31 is divided by b?
9
Let n = -1 + 13. Suppose 33 = 3*y + 2*w, 3*w = -y - 1 + n. Calculate the remainder when 43 is divided by y.
10
Calculate the remainder when ((-10)/15)/(2/(-177)) is divided by 12.
11
Suppose -4*a - 2*i = -176, -5*i + 74 + 136 = 5*a. Suppose 5*y - a = -11. What is the remainder when 20 is divi